w) = 4*w - 9. Give x(s).
-9
Let c(t) be the first derivative of t**4/4 + 8*t**3/3 - 15*t**2/2 - 158*t + 4519. Give c(-7).
-4
Suppose -4 = -2*g - 3*t + 6, 4*g = -2*t + 20. Let u(a) = 25*a**2 + 8*a - 5. Let i(x) = -4*x**2 - 2*x. Let z(j) = -6*i(j) - u(j). What is z(g)?
0
Let u(y) be the second derivative of -y**4/12 + y**2/2 + 77*y. Let s(a) = a**3 - 6*a**2 - 3*a + 5. Let f(r) = s(r) - 6*u(r). Calculate f(-2).
-3
Suppose -4 = 2*l - 0*l, l = 3*k + 64. Let j = 24 + k. Suppose 0*t = -j*t - 12. Let q(z) = -2*z - 6. What is q(t)?
6
Let l = 41 + -41. Suppose 2*m - g - 4 = l, -4*m - 1 = -4*g - 5. Let j(s) = -s - 6*s**2 - s + 3*s**2 + m + 2*s**2. Determine j(-3).
0
Let r(j) = -62*j**2 - 6*j - 36. Let v(y) = -78*y**2 - 7*y - 37. Let u(w) = -5*r(w) + 4*v(w). Determine u(0).
32
Let t(u) be the first derivative of 3*u**2 + 8*u - 3604. Determine t(6).
44
Let t(n) = 168*n + 502. Let m(k) = 56*k + 167. Let a(x) = -8*m(x) + 3*t(x). What is a(-3)?
2
Let j(c) = -6*c**2 + 25*c + 35. Let s(r) = -13*r**2 + 52*r + 81. Let v(n) = -5*j(n) + 2*s(n). Give v(7).
36
Let l = 6697 - 6687. Let s(q) = q**3 - 9*q**2 - 10*q + 19. What is s(l)?
19
Let l(d) = d**3 - 24*d**2 + 42*d + 43. Let n(f) = 178*f + 6430. Let s be n(-36). Give l(s).
-1
Let b(u) = 3*u - 27. Let d(t) = -2*t + 14. Let n(r) = 2*b(r) + 5*d(r). Determine n(5).
-4
Suppose 6*g = 2*g + 16. Suppose g*s - 5 = 11. Suppose 2*r - 21 = -s*w + r, 2*w + 5*r = 33. Let b(o) = o**3 - 4*o**2 + o - 2. Calculate b(w).
2
Let r(f) be the first derivative of f + 1/3*f**3 - 1/2*f**2 + 6. Suppose -4*m + 0*a + 4 = a, 3*a - 5 = -5*m. What is r(m)?
1
Let v be (0*(-2)/(-8))/(-2). Let n(y) be the second derivative of y**4/24 + y**3/3 + 9*y**2/2 - 6*y. Let l(z) be the first derivative of n(z). What is l(v)?
2
Let o(r) = 2*r**3 + 6*r**2 + 2*r + 1. Let a = -10752 + 10750. Give o(a).
5
Suppose 424 = -3*r + 2*j + 425, 11 = r + 2*j. Let w(l) = -4*l**3 + 3*l**2 - 4*l + 4. Determine w(r).
-89
Let k(z) be the second derivative of z**3/2 - 3*z**2/2 + 87*z + 11. Let g be (-2 + -2)*9/(-4). Suppose -3*x = -6*x + g. What is k(x)?
6
Let q(j) be the first derivative of -j**3/3 + 2*j**2 + j + 1. Let y be (5/(-4) + 2)/(15/(-80)*-1). Calculate q(y).
1
Let w(g) = -2*g - 6. Let o(f) = -7*f - 10. Let l be o(-2). Let p(v) = -3*v - 5. Let t(a) = 5*a + 25. Let k be t(-6). Let c(z) = k*p(z) + l*w(z). Give c(-3).
-20
Let d(s) = -s**3 + 29*s**2 - 28*s + 13. Let m be 16/5 + (-34844)/(-1405). Give d(m).
13
Let t(w) be the second derivative of w**5/20 + 5*w**4/12 + w**3/6 + w**2/2 + 138*w. Calculate t(-3).
16
Let d(w) = w**3 - 4*w**2 - 10*w. Let z(a) = -2*a**3 + 46*a**2 + 10*a + 19. Let g(u) = -4*d(u) - z(u). What is g(-16)?
13
Let f(g) = g**2 - 3*g - 7. Let v be -3*(-20)/(-15) - -6. Suppose -6*p = -v*p - 16. Suppose 0 = 3*m + 4*t - 34, p*m - 3*t = 2*t + 4. Give f(m).
11
Let m(o) = -3*o**2 - o + 1. Let f(j) = 3*j - 13. Let d(r) = f(r) + m(r). Calculate d(0).
-12
Let c(i) = i - 2. Let q be (-3)/(-2) + (-7)/14. Let t(j) = -8*j**3 + 2*j**2 - 3*j + 2. Let m be t(q). Calculate c(m).
-9
Let s(l) be the second derivative of l**4/12 + 19*l**3/6 + 45*l**2/2 + 4*l - 110. Calculate s(-17).
11
Let x(t) = 33*t**3 + 6*t**2 + 24*t - 33. Let k(f) = -53*f**3 - 9*f**2 - 36*f + 50. Let y(o) = -5*k(o) - 8*x(o). Calculate y(5).
4
Suppose 54 = -7*c - 2*c. Let y be -7*(c/63)/((-2)/36). Let u(r) = r**2 + 15*r + 28. Let t be u(y). Let d(q) = q. Determine d(t).
-8
Let i(p) = 4*p**3 + 8*p**2 - 11*p - 3*p**3 + 20*p - 24*p + 7 - p. Give i(-10).
-33
Let q(j) = -2*j**2 - 15*j + 13. Let y = -1146 - -1138. Calculate q(y).
5
Let o(z) = -16*z**2 + z. Let m be (-14)/(-4)*36/42. Let b be (-5)/((-10)/m)*2. Let f be 8 + -4 - 2 - b. Give o(f).
-17
Let a be (6 - -30)/12*14/(-6). Let j(r) = 2*r + 32. Calculate j(a).
18
Suppose 150 = 17*z - 15*z. Suppose z*d = 78*d. Let b(u) = -3*u + 48. Let y(n) = 2*n - 24. Let x(q) = -3*b(q) - 5*y(q). Give x(d).
-24
Let k(o) = -o**3 + 6*o**2 - o + 4. Let u be 0 + 4 - 8 - -9. Suppose -17*r - u = -18*r. Suppose r*z + q + 4*q - 5 = 0, 0 = 4*z - 2*q - 34. Determine k(z).
-2
Let g(x) = -502*x - 14524. Let b be g(-29). Let u(o) = -2*o + 18. What is u(b)?
-50
Let y(j) = -j**3. Let g(o) = -o**3 + o. Suppose -26 = 7*q - 12. Let c(h) = q*y(h) + g(h). Determine c(1).
2
Let n(k) = -19*k**2 + 11*k - 54. Let j(f) = -22*f**2 + 12*f - 62. Let a(x) = -6*j(x) + 7*n(x). Let o be 5 + 3/(-7) + (-28)/49. What is a(o)?
-2
Let q(v) = -2*v**3 + 117*v**2 + 12*v - 22. Let x(m) = -m**3 + 70*m**2 + 6*m - 12. Let p(k) = -3*q(k) + 5*x(k). Calculate p(4).
30
Let m(g) = -g**3 - 7*g**2 - 6*g + 4. Suppose 3*z = 5*f - 18, 70*z = 66*z + f - 24. Determine m(z).
4
Let n(d) be the third derivative of -d**5/30 - 5*d**4/12 + d**3/2 + 10*d**2 + 10*d. Suppose y + 2 = -5*l + 9, -4*l + 20 = -y. What is n(y)?
-45
Let g(a) = -67 + 389 - 319 - a. Suppose 5 = 2*z - 11. Determine g(z).
-5
Let q(h) = 3*h**2 + 9*h + 9. Suppose 0 = 4*a - 7*g + 2*g + 19, -5*a + 5*g - 20 = 0. Determine q(a).
3
Let o(m) = 5*m**3 + 4*m**2 + 4*m. Let j(t) = 23*t**3 + 16*t**2 + 16*t + 1. Let u = 107 - 98. Let i(v) = u*o(v) - 2*j(v). What is i(5)?
-7
Let a = 132747 + -132759. Let d(p) be the second derivative of -p**5/20 - 11*p**4/12 + 2*p**3 - 7*p**2 - p. Calculate d(a).
-14
Suppose -110*z = 317 + 13. Let b(p) be the third derivative of p**6/120 + p**5/20 + p**4/12 - p**3/3 + 8*p**2. Determine b(z).
-8
Let v(x) = -2*x**2 + 11*x + 22. Suppose -154 = -41*w + 19*w. Calculate v(w).
1
Let u(j) = 2*j**3 - 2*j**2 - 2*j - 1. Let x(v) = 9*v**3 - 17*v**2 + 6*v - 7. Let a(p) = 4*u(p) - x(p). Determine a(2).
3
Let q(c) = -10*c**2 - 2*c**3 + c + 734 - 1441 + 703. Give q(-5).
-9
Let n(y) = -4*y**2 + 65*y - 30. Let u = -14816 + 14832. What is n(u)?
-14
Let g(t) = t**3 + 2*t**2 + 3. Suppose -4*k - 2*s - 6 = 0, 3*k - 3 = -0*k + s. Let w be 103 - (k + 1)/(2/(-4)). Let d = w - 108. Determine g(d).
-6
Suppose 4*f = 5 - 1. Let w(c) = 261*c - 5. Let x(k) = 48*k - 1. Let s(u) = -2*w(u) + 11*x(u). Calculate s(f).
5
Let n = -53 + 60. Let k = n - -15. Suppose 7*z = -k + 1. Let d(w) = w**2 - 1. Give d(z).
8
Let k(i) = 56*i - 72. Let y(a) = 23*a - 29. Let x(u) = 9*k(u) - 22*y(u). Suppose -2*j + 6*j = 0. What is x(j)?
-10
Let l(a) = a**2 - 502*a - 22 - 492*a - 492*a + 1497*a. Calculate l(-9).
-40
Let j(c) = 5*c**2 + 0*c - 12 + 2*c + 0*c - 4*c**2. Let y be j(-6). Let v(z) = -19 + y + 15 + 4*z. Calculate v(-7).
-20
Let l = 8 + -8. Let c(o) = o + 2. Let r(j) be the second derivative of j**3/3 + 5*j**2/2 - 9*j. Let k(p) = 5*c(p) - 3*r(p). What is k(l)?
-5
Let v(k) = -4*k**2 + k + 5. Let t(h) = -2*h**3 + 11*h**2 + 4*h + 14. Let i be t(6). Let y(f) = 3*f**2 - 2*f - 4. Let x(p) = i*v(p) + 3*y(p). Give x(5).
3
Let b(i) = 261*i**2 - 108*i - 145. Let m(z) = 95*z**2 - 37*z - 48. Let d(n) = 4*b(n) - 11*m(n). Calculate d(-21).
32
Let v(f) = f**2 + 13*f - 20. Let l be v(-15). Suppose 4*y = -l*y. Let r(h) = -5*h**2 - 16*h. Let x(j) = j**2 + 3*j. Let o(k) = 2*r(k) + 11*x(k). Determine o(y).
0
Let p(w) = -2*w**2 + 3*w + 15. Let o(z) = z**2. Let x(c) = -o(c) - p(c). Let f be x(-3). Let s(a) = a**3 - 3*a**2 - 2*a - 2. What is s(f)?
-8
Let m(a) = 57*a + 2*a**2 - 14 - 293*a + 36*a + 122*a + 3. Give m(39).
-11
Suppose 4*l - 5*i + 28 = 0, -i - i + 4 = 2*l. Let b(f) = 739 - 375 + 2*f**3 + f**3 - 366 - 4*f**3. Give b(l).
6
Let a(p) = -17*p + 8. Let l be ((0 + -6 + 7)/(-3))/(9/(-189)). What is a(l)?
-111
Let p(n) = 213 + 232*n + 235 - 430 - 249*n. Determine p(-2).
52
Let r(n) be the second derivative of -n**5/20 + n**4/4 + n**3/6 + 9*n**2/2 + 174*n - 1. Calculate r(4).
-3
Let z(f) = -5*f**2 + 7*f**2 - 4*f**2 + 5 - 27 - 1900*f + 1914*f. Determine z(8).
-38
Let r(c) = -8*c - 21. Let p(o) = 3*o + 11. Let k(q) = -11*p(q) - 6*r(q). Let f(t) = 13*t + 3. Let v(w) = -5*f(w) + 4*k(w). Calculate v(2).
-5
Let y be 5*-2 + (1 - -3). Let o(r) be the third derivative of r**6/120 + 7*r**5/60 - r**4/24 - 5*r**3/6 - 1212*r**2. Determine o(y).
37
Let q(a) = 5*a**2 + 9*a + 26. Let p(k) = 14*k**2 + 25*k + 75. Let w(v) = -6*p(v) + 17*q(v). Determine w(-8).
32
Let p(m) = -2*m**2 + 49*m**2 + 37 + 14*m**2 - m - 62*m**2. Calculate p(9).
-53
Let k(p) = 4*p**3 + p**2 + p - 1. Let d(w) = -19*w**3 - 16*w**2 + 2*w + 23. Let v(z) = d(z) + 5*k(z). Determine v(10).
-12
Let z = -759 + 762. Let j = 3 - 1. Let g(n) = -9*n + 0*n**j + z*n +